{"id":352,"date":"2018-07-28T16:08:06","date_gmt":"2018-07-28T16:08:06","guid":{"rendered":"https:\/\/manufacturer.stylemixthemes.com\/?page_id=352"},"modified":"2024-02-21T16:04:02","modified_gmt":"2024-02-21T16:04:02","slug":"services","status":"publish","type":"page","link":"https:\/\/maisagt.com\/?page_id=352","title":{"rendered":"Nuestros Servicios"},"content":{"rendered":"\t\t<div data-elementor-type=\"wp-post\" data-elementor-id=\"352\" class=\"elementor elementor-352\">\n\t\t\t\t\t\t<section class=\"elementor-section elementor-top-section elementor-element elementor-element-69054a0 elementor-section-boxed elementor-section-height-default elementor-section-height-default\" data-id=\"69054a0\" data-element_type=\"section\">\n\t\t\t\t\t\t<div class=\"elementor-container elementor-column-gap-default\">\n\t\t\t\t\t<div class=\"elementor-column elementor-col-100 elementor-top-column elementor-element elementor-element-8bec390\" data-id=\"8bec390\" data-element_type=\"column\">\n\t\t\t<div class=\"elementor-widget-wrap elementor-element-populated\">\n\t\t\t\t\t\t<section class=\"elementor-section elementor-inner-section elementor-element elementor-element-c0ee88b elementor-section-boxed elementor-section-height-default elementor-section-height-default\" data-id=\"c0ee88b\" data-element_type=\"section\">\n\t\t\t\t\t\t<div class=\"elementor-container elementor-column-gap-no\">\n\t\t\t\t\t<div class=\"elementor-column elementor-col-50 elementor-inner-column elementor-element elementor-element-23d8ce5\" data-id=\"23d8ce5\" data-element_type=\"column\">\n\t\t\t<div class=\"elementor-widget-wrap elementor-element-populated\">\n\t\t\t\t\t\t<div class=\"elementor-element elementor-element-1d8d753 elementor-widget elementor-widget-heading\" data-id=\"1d8d753\" data-element_type=\"widget\" data-widget_type=\"heading.default\">\n\t\t\t\t<div class=\"elementor-widget-container\">\n\t\t\t\t\t<h2 class=\"elementor-heading-title elementor-size-default elementor-heading-title elementor-align-after-mobile-center\">Productos de Consumo Humano<\/h2>\t\t\t\t<\/div>\n\t\t\t\t<\/div>\n\t\t\t\t<div class=\"elementor-element elementor-element-fb3c6a8 elementor-widget elementor-widget-text-editor\" data-id=\"fb3c6a8\" data-element_type=\"widget\" data-widget_type=\"text-editor.default\">\n\t\t\t\t<div class=\"elementor-widget-container\">\n\t\t\t\t\t\t\t\t\t<p>En Maisa, creamos un viaje culinario con cada bocado, fusionando la tradici\u00f3n con la innovaci\u00f3n para ofrecer productos alimenticios deliciosos, seguros y de alta calidad. Nuestro compromiso trasciende fronteras, ya que servimos las m\u00e1s finas selecciones, arraigadas en la riqueza de la herencia guatemalteca, cumpliendo con los m\u00e1s altos est\u00e1ndares internacionales FSSC 22000 de excelencia. Cada producto es un testimonio de nuestra dedicaci\u00f3n a la nutrici\u00f3n, el sabor y el arte de la buena comida<\/p>\t\t\t\t\t\t\t\t<\/div>\n\t\t\t\t<\/div>\n\t\t\t\t\t<\/div>\n\t\t<\/div>\n\t\t\t\t<div class=\"elementor-column elementor-col-50 elementor-inner-column elementor-element elementor-element-384c65f\" data-id=\"384c65f\" data-element_type=\"column\">\n\t\t\t<div class=\"elementor-widget-wrap elementor-element-populated\">\n\t\t\t\t\t\t<div class=\"elementor-element elementor-element-e7fa1c9 elementor-widget elementor-widget-image\" data-id=\"e7fa1c9\" data-element_type=\"widget\" data-widget_type=\"image.default\">\n\t\t\t\t<div class=\"elementor-widget-container\">\n\t\t\t\t\t\t\t\t\t\t\t\t\t\t\t<img fetchpriority=\"high\" decoding=\"async\" width=\"940\" height=\"627\" src=\"https:\/\/maisagt.com\/wp-content\/uploads\/2023\/12\/IMG_7682_FHD-1024x683.jpg\" class=\"attachment-large size-large wp-image-2839\" alt=\"\" srcset=\"https:\/\/maisagt.com\/wp-content\/uploads\/2023\/12\/IMG_7682_FHD-1024x683.jpg 1024w, https:\/\/maisagt.com\/wp-content\/uploads\/2023\/12\/IMG_7682_FHD-300x200.jpg 300w, https:\/\/maisagt.com\/wp-content\/uploads\/2023\/12\/IMG_7682_FHD-768x512.jpg 768w, https:\/\/maisagt.com\/wp-content\/uploads\/2023\/12\/IMG_7682_FHD-1536x1024.jpg 1536w, https:\/\/maisagt.com\/wp-content\/uploads\/2023\/12\/IMG_7682_FHD-285x190.jpg 285w, https:\/\/maisagt.com\/wp-content\/uploads\/2023\/12\/IMG_7682_FHD-1600x1067.jpg 1600w, https:\/\/maisagt.com\/wp-content\/uploads\/2023\/12\/IMG_7682_FHD-660x440.jpg 660w, https:\/\/maisagt.com\/wp-content\/uploads\/2023\/12\/IMG_7682_FHD-150x100.jpg 150w, https:\/\/maisagt.com\/wp-content\/uploads\/2023\/12\/IMG_7682_FHD.jpg 1620w\" sizes=\"(max-width: 940px) 100vw, 940px\" \/>\t\t\t\t\t\t\t\t\t\t\t\t\t\t\t<\/div>\n\t\t\t\t<\/div>\n\t\t\t\t\t<\/div>\n\t\t<\/div>\n\t\t\t\t\t<\/div>\n\t\t<\/section>\n\t\t\t\t\t<\/div>\n\t\t<\/div>\n\t\t\t\t\t<\/div>\n\t\t<\/section>\n\t\t\t\t<section class=\"elementor-section elementor-top-section elementor-element elementor-element-06e0554 elementor-section-boxed elementor-section-height-default elementor-section-height-default\" data-id=\"06e0554\" data-element_type=\"section\">\n\t\t\t\t\t\t<div class=\"elementor-container elementor-column-gap-no\">\n\t\t\t\t\t<div class=\"elementor-column elementor-col-100 elementor-top-column elementor-element elementor-element-f66cb11\" data-id=\"f66cb11\" data-element_type=\"column\">\n\t\t\t<div class=\"elementor-widget-wrap elementor-element-populated\">\n\t\t\t\t\t\t<div class=\"elementor-element elementor-element-d517900 elementor-widget elementor-widget-sm-advantages\" data-id=\"d517900\" data-element_type=\"widget\" data-widget_type=\"sm-advantages.default\">\n\t\t\t\t<div class=\"elementor-widget-container\">\n\t\t\t\t\t\n\t<div class=\"man_advantages\">\n\n\t\t\t<div class=\"man_adv_carousel owl-carousel\" data-items=\"3\">\n\n\t\t\t\t\t\t<div class=\"man_adv_box\" id=\"efbb7bd\">\n\t\t\t\t<div class=\"man_adv_box_img man_image_bck man_adv_box_img_efbb7bd\" data-image=\"https:\/\/maisagt.com\/wp-content\/uploads\/2023\/12\/IMG_7662_FHD-1600x1067.jpg\"><\/div>\n\t\t\t\t<div class=\"man_adv_box_block\">\n\t\t\t\t\t<div class=\"man_adv_box_block_cont_wb man_wht_txt\">\n\t\t\t\t\t\t<h4>01<\/h4>\n\t\t\t\t\t\t<h2>Tecnologia de Primera<\/h2>\n\t\t\t\t\t<\/div>\n\t\t\t\t\t<div class=\"man_adv_box_block_cont man_wht_txt\">\n\t\t\t\t\t\t<div class=\"pseudo-h4\">01<\/div>\n\t\t\t\t\t\t<div class=\"pseudo-h2\">Tecnologia de Primera<\/div>\n\t\t\t\t\t\t<p>Nos esforzamos en tener la ultima tecnologia para brindarle a nuestros clientes la mejor y mas eficiente opci\u00f3n<\/p>\n\t\t\t\t\t\t<a href=\"https:\/\/maisagt.com\" class=\"btn btn_transparent\"><i class=\"ti ti-arrow-right\"><\/i><\/a>\n\t\t\t\t\t<\/div>\n\n\t\t\t\t<\/div>\n\n\t\t\t<\/div>\n\n\t\t\t\t\t\t<div class=\"man_adv_box\" id=\"bae3cfe\">\n\t\t\t\t<div class=\"man_adv_box_img man_image_bck man_adv_box_img_bae3cfe\" data-image=\"https:\/\/maisagt.com\/wp-content\/uploads\/2023\/12\/IMG_7569_FHD-1600x1067.jpg\"><\/div>\n\t\t\t\t<div class=\"man_adv_box_block\">\n\t\t\t\t\t<div class=\"man_adv_box_block_cont_wb man_wht_txt\">\n\t\t\t\t\t\t<h4>02<\/h4>\n\t\t\t\t\t\t<h2>Est\u00e1ndares de Calidad<\/h2>\n\t\t\t\t\t<\/div>\n\t\t\t\t\t<div class=\"man_adv_box_block_cont man_wht_txt\">\n\t\t\t\t\t\t<div class=\"pseudo-h4\">02<\/div>\n\t\t\t\t\t\t<div class=\"pseudo-h2\">Est\u00e1ndares de Calidad<\/div>\n\t\t\t\t\t\t<p>Nos Mantenemos Certificados por estandares internacionales como HACP y FCS2000 para proveerle un servicio que cumple con cualquier normativa internacional<\/p>\n\t\t\t\t\t\t<a href=\"https:\/\/maisagt.com\" class=\"btn btn_transparent\"><i class=\"ti ti-arrow-right\"><\/i><\/a>\n\t\t\t\t\t<\/div>\n\n\t\t\t\t<\/div>\n\n\t\t\t<\/div>\n\n\t\t\t\t\t\t<div class=\"man_adv_box\" id=\"6527d41\">\n\t\t\t\t<div class=\"man_adv_box_img man_image_bck man_adv_box_img_6527d41\" data-image=\"https:\/\/maisagt.com\/wp-content\/uploads\/2023\/12\/7.jpg\"><\/div>\n\t\t\t\t<div class=\"man_adv_box_block\">\n\t\t\t\t\t<div class=\"man_adv_box_block_cont_wb man_wht_txt\">\n\t\t\t\t\t\t<h4>03<\/h4>\n\t\t\t\t\t\t<h2>Excelencia Logistica<\/h2>\n\t\t\t\t\t<\/div>\n\t\t\t\t\t<div class=\"man_adv_box_block_cont man_wht_txt\">\n\t\t\t\t\t\t<div class=\"pseudo-h4\">03<\/div>\n\t\t\t\t\t\t<div class=\"pseudo-h2\">Excelencia Logistica<\/div>\n\t\t\t\t\t\t<p>Nuestro enfoque de excelencia se traslada incluso al \u00e1rea logistica, para garantizar la calidad de nuestros productos en todas las etapas productivas.<\/p>\n\t\t\t\t\t\t<a href=\"https:\/\/maisagt.com\" class=\"btn btn_transparent\"><i class=\"ti ti-arrow-right\"><\/i><\/a>\n\t\t\t\t\t<\/div>\n\n\t\t\t\t<\/div>\n\n\t\t\t<\/div>\n\n\t\t\t\t\t<\/div>\n\n\t<\/div>\n\n\n\t<script type=\"text\/javascript\">\n        function advCarouselInit(){\n            jQuery('.man_adv_carousel').each(function(){\n                jQuery(this).show();\n                if ((jQuery(window).width() > 768) && !jQuery(this).hasClass('owl-loaded')) {\n                    var items = jQuery(this).attr('data-items');\n                    jQuery(this).owlCarousel({\n                        autoplay: 0,\n                        dots: 1,\n                        nav: 1,\n                        navText: ['<i class=\"ti ti-angle-left\"><\/i>', '<i class=\"ti ti-angle-right\"><\/i>'],\n                        items: items\n                    });\n                }\n                if ((jQuery(window).width() <= 768) && jQuery(this).hasClass('owl-loaded')) {\n                    jQuery(this).owlCarousel('destroy').show();\n                }\n            });\n        }\n\n\t\tjQuery(document).ready(function($) {\n\t\t\t\/\/ Advantages\n\t\t\t$('.man_adv_carousel .man_adv_box_img').each(function(i, el){\n\t\t\t\tif ( i === 0) {\n\t\t\t\t\t\t$(el).addClass('first-item');\n\t\t\t\t}\n\t\t\t\t$(this).insertBefore($(this).parents('.elementor-container'));\n\t\t\t});\n\t\t\t$('.man_adv_box').on({\n\t\t\t\tmouseenter:function(){\n\t\t\t\t\tvar box_id = $(this).attr('id');\n\t\t\t\t\t$('.man_adv_box_img_'+box_id+'').addClass('active');\n\t\t\t\t},mouseleave:function(){\n\t\t\t\t\tvar box_id = $(this).attr('id');\n\t\t\t\t\t$('.man_adv_box_img_'+box_id+'').removeClass('active');\n\t\t\t\t}\n\t\t\t});\n\n            advCarouselInit();\n\n\t\t});\n        jQuery(window).resize(function() {\n            advCarouselInit();\n        });\n\t<\/script>\n\n\n\t\t\t\t\t<\/div>\n\t\t\t\t<\/div>\n\t\t\t\t\t<\/div>\n\t\t<\/div>\n\t\t\t\t\t<\/div>\n\t\t<\/section>\n\t\t\t\t<\/div>\n\t\t","protected":false},"excerpt":{"rendered":"<p>Productos de Consumo Humano En Maisa, creamos un viaje culinario con cada bocado, fusionando la tradici\u00f3n con la&#8230;<\/p>\n","protected":false},"author":1,"featured_media":0,"parent":0,"menu_order":0,"comment_status":"closed","ping_status":"closed","template":"elementor_header_footer","meta":{"footnotes":""},"class_list":["post-352","page","type-page","status-publish","hentry"],"_links":{"self":[{"href":"https:\/\/maisagt.com\/index.php?rest_route=\/wp\/v2\/pages\/352","targetHints":{"allow":["GET"]}}],"collection":[{"href":"https:\/\/maisagt.com\/index.php?rest_route=\/wp\/v2\/pages"}],"about":[{"href":"https:\/\/maisagt.com\/index.php?rest_route=\/wp\/v2\/types\/page"}],"author":[{"embeddable":true,"href":"https:\/\/maisagt.com\/index.php?rest_route=\/wp\/v2\/users\/1"}],"replies":[{"embeddable":true,"href":"https:\/\/maisagt.com\/index.php?rest_route=%2Fwp%2Fv2%2Fcomments&post=352"}],"version-history":[{"count":13,"href":"https:\/\/maisagt.com\/index.php?rest_route=\/wp\/v2\/pages\/352\/revisions"}],"predecessor-version":[{"id":2866,"href":"https:\/\/maisagt.com\/index.php?rest_route=\/wp\/v2\/pages\/352\/revisions\/2866"}],"wp:attachment":[{"href":"https:\/\/maisagt.com\/index.php?rest_route=%2Fwp%2Fv2%2Fmedia&parent=352"}],"curies":[{"name":"wp","href":"https:\/\/api.w.org\/{rel}","templated":true}]}}